126.
2, 3, 7
List the prime factors of 7540.
2, 5, 13, 29
List the prime factors of 1364.
2, 11, 31
What are the prime factors of 11758?
2, 5879
List the prime factors of 6515.
5, 1303
What are the prime factors of 7344?
2, 3, 17
What are the prime factors of 20002?
2, 73, 137
List the prime factors of 18614.
2, 41, 227
List the prime factors of 15145.
5, 13, 233
What are the prime factors of 14713?
14713
What are the prime factors of 2541?
3, 7, 11
What are the prime factors of 1640?
2, 5, 41
List the prime factors of 326.
2, 163
List the prime factors of 15708.
2, 3, 7, 11, 17
List the prime factors of 741.
3, 13, 19
List the prime factors of 849.
3, 283
What are the prime factors of 939?
3, 313
List the prime factors of 2489.
19, 131
List the prime factors of 15595.
5, 3119
List the prime factors of 53864.
2, 6733
List the prime factors of 4794.
2, 3, 17, 47
List the prime factors of 2644.
2, 661
What are the prime factors of 2737?
7, 17, 23
What are the prime factors of 18095?
5, 7, 11, 47
List the prime factors of 8094.
2, 3, 19, 71
What are the prime factors of 261?
3, 29
What are the prime factors of 20558?
2, 19, 541
List the prime factors of 2789.
2789
What are the prime factors of 1798?
2, 29, 31
What are the prime factors of 23187?
3, 59, 131
What are the prime factors of 48076?
2, 7, 17, 101
What are the prime factors of 394?
2, 197
List the prime factors of 66988.
2, 16747
List the prime factors of 6777.
3, 251
List the prime factors of 858.
2, 3, 11, 13
List the prime factors of 100991.
11, 9181
What are the prime factors of 370?
2, 5, 37
What are the prime factors of 11417?
7, 233
What are the prime factors of 349?
349
List the prime factors of 617.
617
What are the prime factors of 35130?
2, 3, 5, 1171
List the prime factors of 103951.
103951
What are the prime factors of 843?
3, 281
What are the prime factors of 56884?
2, 14221
List the prime factors of 89446.
2, 7, 6389
List the prime factors of 12180.
2, 3, 5, 7, 29
What are the prime factors of 4603?
4603
What are the prime factors of 2908?
2, 727
List the prime factors of 18004.
2, 7, 643
What are the prime factors of 55124?
2, 13781
What are the prime factors of 11304?
2, 3, 157
What are the prime factors of 543?
3, 181
List the prime factors of 1165.
5, 233
What are the prime factors of 1043?
7, 149
What are the prime factors of 96815?
5, 17, 67
List the prime factors of 118370.
2, 5, 7, 19, 89
List the prime factors of 5066.
2, 17, 149
What are the prime factors of 745?
5, 149
List the prime factors of 1020.
2, 3, 5, 17
List the prime factors of 260.
2, 5, 13
What are the prime factors of 12017?
61, 197
List the prime factors of 1787.
1787
List the prime factors of 1115.
5, 223
List the prime factors of 996.
2, 3, 83
List the prime factors of 1106.
2, 7, 79
What are the prime factors of 8081?
8081
List the prime factors of 7825.
5, 313
What are the prime factors of 4577?
23, 199
What are the prime factors of 1519?
7, 31
What are the prime factors of 64831?
13, 4987
What are the prime factors of 1190?
2, 5, 7, 17
What are the prime factors of 6683?
41, 163
What are the prime factors of 4133?
4133
List the prime factors of 664.
2, 83
What are the prime factors of 3314?
2, 1657
List the prime factors of 5688.
2, 3, 79
What are the prime factors of 821?
821
What are the prime factors of 940?
2, 5, 47
What are the prime factors of 3370?
2, 5, 337
List the prime factors of 21384.
2, 3, 11
What are the prime factors of 14959?
7, 2137
List the prime factors of 1858.
2, 929
List the prime factors of 3043.
17, 179
List the prime factors of 21653.
59, 367
What are the prime factors of 952?
2, 7, 17
List the prime factors of 29393.
7, 13, 17, 19
List the prime factors of 11123.
7, 227
What are the prime factors of 5031?
3, 13, 43
List the prime factors of 2788.
2, 17, 41
What are the prime factors of 54653?
31, 41, 43
What are the prime factors of 2517?
3, 839
List the prime factors of 3176.
2, 397
What are the prime factors of 1903?
11, 173
List the prime factors of 40541.
71, 571
What are the prime factors of 12208?
2, 7, 109
List the prime factors of 5872.
2, 367
List the prime factors of 2269.
2269
List the prime factors of 1413.
3, 157
List the prime factors of 5277.
3, 1759
What are the prime factors of 5179?
5179
What are the prime factors of 1697?
1697
What are the prime factors of 17962?
2, 7, 1283
List the prime factors of 45406.
2, 73, 311
List the prime factors of 2002.
2, 7, 11, 13
List the prime factors of 16302.
2, 3, 11, 13, 19
What are the prime factors of 285?
3, 5, 19
What are the prime factors of 2680?
2, 5, 67
What are the prime factors of 5997?
3, 1999
What are the prime factors of 6664?
2, 7, 17
List the prime factors of 186.
2, 3, 31
List the prime factors of 417.
3, 139
List the prime factors of 10675.
5, 7, 61
List the prime factors of 16426.
2, 43, 191
What are the prime factors of 4302?
2, 3, 239
What are the prime factors of 1077?
3, 359
What are the prime factors of 52388?
2, 7, 1871
List the prime factors of 23650.
2, 5, 11, 43
What are the prime factors of 29026?
2, 23, 631
What are the prime factors of 496?
2, 31
List the prime factors of 88747.
88747
List the prime factors of 2823.
3, 941
List the prime factors of 850.
2, 5, 17
List the prime factors of 39371.
39371
What are the prime factors of 70268?
2, 11, 1597
List the prime factors of 60066.
2, 3, 47, 71
List the prime factors of 211.
211
List the prime factors of 11399.
11399
List the prime factors of 6568.
2, 821
List the prime factors of 2363.
17, 139
List the prime factors of 11935.
5, 7, 11, 31
What are the prime factors of 644?
2, 7, 23
List the prime factors of 39285.
3, 5, 97
List the prime factors of 37453.
13, 43, 67
List the prime factors of 4915.
5, 983
List the prime factors of 346.
2, 173
What are the prime factors of 2388?
2, 3, 199
What are the prime factors of 10003?
7, 1429
List the prime factors of 759.
3, 11, 23
What are the prime factors of 99803?
11, 43, 211
List the prime factors of 9663.
3, 3221
List the prime factors of 1416.
2, 3, 59
What are the prime factors of 3139?
43, 73
What are the prime factors of 46680?
2, 3, 5, 389
What are the prime factors of 17320?
2, 5, 433
List the prime factors of 99396.
2, 3, 11, 251
List the prime factors of 61177.
131, 467
List the prime factors of 8568.
2, 3, 7, 17
What are the prime factors of 2026?
2, 1013
List the prime factors of 2272.
2, 71
List the prime factors of 206.
2, 103
List the prime factors of 5700.
2, 3, 5, 19
What are the prime factors of 10602?
2, 3, 19, 31
List the prime factors of 25688.
2, 13, 19
List the prime factors of 668.
2, 167
List the prime factors of 74052.
2, 3, 11, 17
What are the prime factors of 1932?
2, 3, 7, 23
List the prime factors of 103892.
2, 19, 1367
List the prime factors of 21202.
2, 10601
List the prime factors of 64412.
2, 16103
What are the prime factors of 210?
2, 3, 5, 7
List the prime factors of 18285.
3, 5, 23, 53
What are the prime factors of 17090?
2, 5, 1709
List the prime factors of 191.
191
What are the prime factors of 17594?
2, 19, 463
What are the prime factors of 1185?
3, 5, 79
What are the prime factors of 8150?
2, 5, 163
List the prime factors of 26531.
43, 617
What are the prime factors of 286?
2, 11, 13
List the prime factors of 44747.
29, 1543
List the prime factors of 49823.
49823
What are the prime factors of 1085?
5, 7, 31
What are the prime factors of 7071?
3, 2357
What are the prime factors of 325?
5, 13
List the prime factors of 11533.
19, 607
List the prime factors of 23547.
3, 47, 167
List the prime factors of 3353.
7, 479
List the prime factors of 138.
2, 3, 23
List the prime factors of 3877.
3877
What are the prime factors of 7398?
2, 3, 137
List the prime factors of 413.
7, 59
List the prime factors of 40692.
2, 3, 3391
What are the prime factors of 1796?
2, 449
What are the prime factors of 8214?
2, 3, 37
List the prime factors of 1335.
3, 5, 89
What are the prime factors of 43626?
2, 3, 11, 661
List the prime factors of 47072.
2, 1471
What are the prime factors of 82359?
3, 9151
List the prime factors of 873.
3, 97
List the prime factors of 4.
2
What are the prime factors of 28642?
2, 14321
What are the prime factors of 135318?
2, 3, 19, 1187
What ar